(r) = -r**2 + 4*r + 1. Calculate j(b).
1
Let b be (0 + -5)*2/(-2). Suppose -2 + 27 = b*o. Suppose -y + 8 = -3*y - 3*p, 3*y = o*p + 26. Let a(w) = 4*w - 3. Give a(y).
5
Let r(h) = 4*h + 114. Let s be r(-28). Let u(w) be the third derivative of w**5/12 - w**4/8 + w**3/3 + w**2. What is u(s)?
16
Let h(m) = -m - 9. Let y(a) = a + 4. Let g(f) = -2*h(f) - 5*y(f). Give g(-2).
4
Let n(j) = -5*j**2 + 1. Suppose 1 = 3*h - 4*h. Let c be n(h). Let w(t) be the third derivative of t**6/120 + t**5/20 - t**4/12 - t**2. Calculate w(c).
-8
Let o(d) = d - 12. Let z(k) = k**2 + k - 4. Let f be z(-3). Suppose 0*m + 2*m - 4 = -f*q, 4 = -m + 5*q. Suppose -m = -a + 5. Determine o(a).
-6
Let v(j) = -j**2 - 8*j - 4. Suppose 3*s - 15 = -36. Give v(s).
3
Let z(g) = -1. Let d(u) = u - 7. Let s(k) = -4*d(k) + 20*z(k). What is s(7)?
-20
Let q(t) = t**3 + t + 4. Suppose 4*z = 2*n + 6, 2*z - 3*n = -1 + 2. Let j be (0 + 0/z)/(-1). Determine q(j).
4
Let y(p) be the first derivative of p**4/24 + p**3/2 + p**2/2 + 2. Let r(m) be the second derivative of y(m). Let o be 5/(2/1 - 3). What is r(o)?
-2
Let q(p) = -p**2 + p. Suppose -3*v - 9 = -6. Determine q(v).
-2
Let d = 4 + -2. Let c be -5*d*(-3)/6. Suppose 3*l - c*b + 0*b - 40 = 0, 5*b + 50 = 5*l. Let z(u) = u - 5. Give z(l).
0
Suppose -5*l + 4 = -4*l. Let t = 1 + l. Let s(g) = -2 + 3 + 1 - g + 2. Calculate s(t).
-1
Let h be -2 + -1 + 2/1. Let n = h + 5. Let g(m) be the third derivative of m**5/30 - 5*m**4/24 - m**3/2 + 2*m**2. Calculate g(n).
9
Let s(i) be the third derivative of i**7/2520 - i**6/240 - i**5/30 - i**4/24 - 2*i**2. Let o(x) be the second derivative of s(x). Give o(3).
-4
Let l(s) = -2*s**2 + 1 - 4*s - 3 - 3*s**2 - s**3. Suppose -4*j + 24 - 2 = 3*z, -3*j = 6. Let y be (20/25)/((-2)/z). Calculate l(y).
-2
Let r = 1 - -2. Let b be 3*2/18*r. Let y = -2 - b. Let n(x) = -x**3 - 5*x**2 - 3*x + 1. Calculate n(y).
-8
Let n(x) = x + 4*x**2 + x + 6 + 18*x**3 - 17*x**3 - 6*x. Determine n(-5).
1
Suppose 0 = 5*c - 0 - 40. Suppose -4*q + c*q = 0. Let k(r) = q*r + 2*r**3 - 3*r**3 - 2*r**2 + 4*r. Give k(-3).
-3
Let v(d) = d**3 - 6*d**2 + 3*d + 1. Let k(h) = -2*h**3 + 13*h**2 - 6*h - 3. Let s(i) = 2*k(i) + 5*v(i). Let y = 19 - 17. Calculate s(y).
-3
Let g(k) = 3*k**2 - 12*k - 1. Let z(p) be the second derivative of 7*p**4/12 - 25*p**3/6 - p**2/2 - p. Let x(j) = -9*g(j) + 4*z(j). What is x(-5)?
-10
Let u(t) = 2*t**2 - t + 1. Let v = -9 - -11. Let k = 4 - v. Suppose k*p = -5 + 1. Determine u(p).
11
Suppose 2*c - 5 = -y, -2*y - 3*c + 7 = -0*c. Let d be (y + 0)/(2/(-12)). Let g(k) = -k**3 + 7*k**2 - 5*k. Give g(d).
6
Let r(l) = -5*l**2 + 4*l - 1. Let p(i) = 4*i**2 - 4*i. Let q(g) = 4*p(g) + 3*r(g). Let z be 0 - 9/6*2. Let a(m) = m**2 + 3*m + 3. Let s be a(z). Determine q(s).
-6
Suppose z + 2 = -2*l - 0*l, 0 = -2*z - l - 4. Let p be z/(-4)*-2*1. Let r(v) = 3*v**2 - v - 1. Determine r(p).
3
Let g(q) = 1. Let v(u) = -u**2 - 5*u - 4. Let x(h) = -6*g(h) - v(h). Let c be 3/3*5/(-1). Determine x(c).
-2
Let w(j) = j**2 + 2*j - 1. Let p be w(-3). Let s be (0 - (p - 5))/1. Let l be -3 + s/(-1 + 4). Let g(y) = -y**2 - 4*y. What is g(l)?
4
Let r(c) = -1 + 5*c**2 + 5*c**2 - 1 - 2*c**2. What is r(2)?
30
Let t(q) = -4*q**3 + 2*q**2 - q. Suppose 0*v + 3*v = 6. Let c be (v - 1)*(-1 - -21). Suppose -3*y - 15 = 0, -3*x + 4*y + 3 + c = 0. Determine t(x).
-3
Let h = 16 + -12. Let b(g) = 6*g**2 + 6*g**3 - h + 7 + 3 + 2*g - 5*g**3. Suppose -4*v = -1 + 25. Calculate b(v).
-6
Let l(a) = 5*a**2 + a. Let j be (-1)/2 - (-55)/(-2). Let m be 4/14 - (-8)/j. Let g = 1 + m. Give l(g).
6
Suppose 4 - 8 = m. Let i(b) = b**3 + 2*b**2 - 7*b - 6. Give i(m).
-10
Let d be 0 - 2 - 0 - 1. Let x(j) = 2*j**2 + 5*j + 4. Give x(d).
7
Let d(u) = 13*u**2 + u - 1. Let k(m) be the first derivative of 13*m**3/3 + m**2/2 - m - 8. Let p(q) = 4*d(q) - 3*k(q). Give p(1).
13
Suppose v + 2 = 2*v. Let b(w) = -w**3 + w**2 + w - 1. What is b(v)?
-3
Let p(s) be the third derivative of s**6/120 + 2*s**5/15 + s**4/24 + 2*s**3/3 + 3*s**2. Let k be p(-8). Let m(x) = -x - 1. Give m(k).
3
Let y(i) = -i**3 - 3*i**2 - 5*i - 4. Let u = 4 - -3. Let h = u + -10. What is y(h)?
11
Suppose -2*t + 3*v + 42 = 0, 0 = 4*t + 2*v - 6*v - 80. Let o be (-2)/9 - (-4)/t. Let u(r) = r**2 + r - 13. Determine u(o).
-13
Let p(h) = -h**2 + h + 1. Let d(i) be the first derivative of -3*i**2/2 - 12*i - 2. Let y be d(-8). Suppose -y = -6*s + 4*s + 2*b, -b + 3 = 2*s. What is p(s)?
-5
Let i be (-12)/(-9) - 1/3. Let z(o) = -2*o + 3 - 3*o**2 + i - 3. Determine z(-2).
-7
Let d(x) = -4*x**2 - x + 7. Let f(q) = -11*q**2 - 4*q + 21. Let t be (3/(-4))/(1/(-4)). Let u(b) = t*f(b) - 8*d(b). Give u(-6).
-5
Let c(q) = -3*q + 3. Suppose -3*k = -k. Suppose -6 + 4 = -s. Suppose 0 = -2*n + s*x + 4, -n + 4 = x - k. Calculate c(n).
-6
Let j = -4 - -6. Let i(f) = -1089*f + 545*f - 1 + 547*f + f**3 - f**2. What is i(j)?
9
Let v(g) = 3*g**3 + 4*g**2 + 3*g + 1. Let k be 160/26 - 2/13. Suppose 4*f - k = f. Suppose y + 0 = -f. Calculate v(y).
-13
Let b(i) be the first derivative of i**4/4 - i**3 - 3*i**2 + i - 17. Determine b(4).
-7
Let i(v) = v**3 + 3*v**2 + v - 1. Suppose 6*c + 4 = 4*c. Let w(j) = j**3 - 4*j**2 - 4*j - 5. Let n be w(4). Let a be (-1)/(n/(-9) + c). Give i(a).
-4
Let o(c) = 0*c**3 - 1 - 26*c - c**3 - 4*c**2 + 24*c. Give o(-4).
7
Let x(p) = 6*p**2 - 10*p**2 + p**2 + p**3 + 4*p. Determine x(3).
12
Let m(l) be the second derivative of -5*l**3/6 - l**2/2 + 3*l. Calculate m(-2).
9
Let g = 10 - 6. Suppose 3*m + 32 = -g*t, -m + 0*m - 19 = 3*t. Let p(l) = -l**3 - 4*l**2 - l - 4. Calculate p(m).
0
Let q(r) = r**2 + 7*r. Suppose 32 = 3*m - m. Let h = -22 + m. Calculate q(h).
-6
Suppose -10*m = -31 - 9. Let r(d) = -d**3 - 3*d - 1. Let t(f) = -3*f**3 + f**2 - 5*f - 1. Let v(b) = -5*r(b) + 2*t(b). Determine v(m).
-9
Let w(r) = -r - 6. Let h(z) = z**2 + 10*z + 2. Let y be h(-10). Let x be 1 - 0 - y*3. Give w(x).
-1
Let c(r) = 0 - 8 + r + 3. Let f = -6 + 10. What is c(f)?
-1
Let n(y) = -4*y**3 - 2*y**2 + 2*y - 1. Suppose -5 = -3*s - 2*s. Determine n(s).
-5
Let z = 12 - 12. Let t be (-12)/(-8)*(z + 2). Let f(h) = h - 1. Let j(x) = -2*x - 1. Let d(s) = f(s) + j(s). Calculate d(t).
-5
Let v(y) = -9*y. Let o be -9 - -14 - (4 - 0). Calculate v(o).
-9
Suppose 0 = -2*n - 2*n - 4. Let g = 1 - n. Let h(m) = 2*m**2 - 3*m + 1. Let k(r) = -r**2 + r - 1. Let s(o) = -h(o) - k(o). Give s(g).
0
Suppose -4*q - 5*f + 0 - 4 = 0, -2*f = -5*q - 5. Let n(p) = -8*p**2 + p. What is n(q)?
-9
Let u(c) = 1 + 4*c - 6*c + 2. What is u(6)?
-9
Let u(f) = f - 1. Suppose -5*x = -11 + 36. Determine u(x).
-6
Let l(j) = -2*j**2 - 3*j + 3. Let g(w) = -2*w**2 + 16*w - 3. Let y be g(8). Calculate l(y).
-6
Let z(q) = 4*q**2 + 23*q + 1 - 22*q - q**2. Suppose d = 4*d + 3. Determine z(d).
3
Suppose -3*o + 0*o + 2*g = -34, 0 = -2*o - 3*g + 1. Let x(a) = -a**2 + 6*a + 11. What is x(o)?
-5
Let v = 0 - 2. Let f(y) be the third derivative of y**4/24 - y**3/6 - 5*y**2. What is f(v)?
-3
Let a(l) = -2*l + 6. Suppose -8*k + k = -35. Determine a(k).
-4
Let r be 1/(-1 - 0/2). Let g(a) = 11*a**3 - 7*a**2 - 13*a - 11. Let y(s) = 6*s + 0*s + 0 + 5 - 5*s**3 + 3*s**2. Let c(n) = -4*g(n) - 9*y(n). What is c(r)?
1
Let z(q) = -5*q**2 + 11*q - 3. Let k(t) = t**2 - t - 1. Let f(j) = -4*k(j) - z(j). Suppose -25*w + 30*w - 25 = 0. Determine f(w).
-3
Let b(y) = -3*y**3 + 4*y**2 + 5*y + 6. Let v(a) = a**3 - a**2 - a - 1. Let z(h) = -b(h) - 2*v(h). Give z(4).
16
Let i(z) = -z**2 + 0*z**2 + 5*z + 0*z**2 - z**3 - 4*z**2. Let d = -40 + 34. What is i(d)?
6
Let a(s) = 4*s**3 + 8*s**2 + 7*s - 8. Let l(g) = g**3 - g**2 + 0 + g**2 - 1 + g + g**2. Let k = -3 + 2. Let v(z) = k*a(z) + 5*l(z). Calculate v(2).
-5
Let o(r) be the first derivative of -r**6/180 - r**5/120 - 2*r**3/3 - 1. Let u(h) be the third derivative of o(h). Let f be -2 - 0/(1 - -2). Determine u(f).
-6
Let r(c) = 0*c - 4 + 2*c + c**2 - c + 7. Calculate r(0).
3
Let g be 0 + (1 - 0)*5. Let o = -3 + g. Let b(n) = -n**3 - n**2 - n - 1. Let w(z) = 6*z**3 + 4*z**2 + 2*z + 7. Let y(r) = -5*b(r) - w(r). What is y(o)?
0
Let r(f) = -f**2 - 7*f + 15. Let s be r(-9). Let u(y) be the third derivative of y**5/30 + y**4/8 - y**3/2 + y**2. Give u(s).
6
Let o(x) = 3*x + 1 + 0*x**3 + x**3 - 3*x**2 + 0. Let t(u) = -u**2 - 7*u - 6. Let p be t(-5). Suppose g - p + 1 = 0. Calculat